ber?
False
Let w(q) = 1606*q - 37. Let a = -440 + 452. Is w(a) composite?
True
Let a be -2*((-99)/(-88))/((-3)/(-4)). Is (62 - 64)/(a/(4722/4)) a prime number?
True
Let m be ((-4)/(-3))/((-28)/(-21)). Is (-835791)/(-744) + m/8*-3 prime?
True
Let o = 537 - 520. Suppose 0 = n + 4*j - 7235, -o*j + 19*j = -3*n + 21735. Is n prime?
True
Let g = -93677 - -135256. Is g a prime number?
True
Let q(v) = -v**2 + 2*v + 307. Let g(x) = 4*x**2 - 4*x - 33. Let p(c) = 5*c**2 - 5*c - 34. Let h(n) = -4*g(n) + 3*p(n). Let s be h(-5). Is q(s) composite?
False
Let w(i) be the second derivative of 151*i**3 + 5*i**2/2 + 62*i. Is w(2) a composite number?
True
Let u be ((-27)/(-54))/(1/74). Suppose 25*c + 5748 = u*c. Is c prime?
True
Let f = 80903 - 49835. Suppose f = 24*q + 12*q. Is q prime?
True
Let z = 51200 - 24073. Is z a composite number?
False
Let f be (-3)/(-6) + -1 + 130/(-4). Let l = f - -33. Is (l - -1)/(((-2)/319)/(-2)) a prime number?
False
Let t(j) = 2*j**3 - 22*j**2 + 2*j - 18. Let g be t(11). Suppose 4*h = -g*p - 2625 + 31865, 7316 = p - 5*h. Is p composite?
True
Let s(q) = -135*q + 39. Let t be s(4). Let c = t - -1460. Is c a prime number?
False
Let s = -260 + -796. Let i = s + 1553. Is i a composite number?
True
Suppose 1968773 = 20*v - 1356647. Is v composite?
True
Let p(s) = 10*s**3 + 31*s**2 - 88*s + 49. Is p(20) a composite number?
True
Let p(s) = -4*s**3 + 3*s**2 + 8*s + 5. Let h be p(-1). Let f = 4713 + -1767. Suppose f - 854 = h*b. Is b a composite number?
False
Suppose 91*x = 68*x + 1176887. Is x a prime number?
True
Suppose 126 = 54*h - 12*h. Suppose -4*b = 3*l - 11825, 2*l = -h*l - 2*b + 19713. Is l a prime number?
True
Let o = -53 + 79. Suppose t - o = 3*h + 346, 5*t = -h + 1780. Let f = t + 362. Is f a prime number?
True
Suppose -7*i - 8 = -3*i. Let h = 591 + -1011. Is ((-13)/(13/h) - 3) + i prime?
False
Let n(y) = -y**2 + 12*y - 28. Let x be n(6). Suppose -5*z = 4*h - 2504, -3*z = 3*h - x*z - 1913. Is h a prime number?
True
Suppose i = -i - 3*s + 16, -4*i + 4*s - 8 = 0. Suppose x - 5*x + 7156 = -4*d, 5371 = 3*x - i*d. Is x composite?
True
Suppose -7*u = -8*u - 499. Let y = 162 + u. Let m = -123 - y. Is m composite?
True
Let f = 109 - 107. Suppose -x + f*q = -q - 3097, -3*x + 2*q = -9319. Is x prime?
True
Let m be 2/(-4 + -1 + 6331710/1266335). Suppose -22*b + m = -20060. Is b a prime number?
True
Suppose 2*x = 0, h - 5*x + 972 = 5*h. Suppose -4*z + 2*b + 320 = 0, 9*z - 6*z - 3*b - h = 0. Is z a composite number?
False
Suppose 9 = 3*m - h, 5*m - h - 12 - 1 = 0. Suppose -4*c - 2*z = -c - 7639, -4 = 4*z. Suppose 857 = s + x + m*x, -3*x = -3*s + c. Is s composite?
True
Suppose 4*h = 16, 4*k = -k + 3*h - 40707. Let p = -3836 - k. Is p prime?
False
Let h be (-3)/((-42)/(-4))*(-5 - 2). Suppose -4*j - h - 6 = 0. Is ((-502)/4)/(1/j) a prime number?
True
Let u(j) = 704*j**2 + j - 5. Suppose 5*n - 4 = -3*r - 9, 5*n + 4*r = 0. Is u(n) a prime number?
False
Let z = -37 + 37. Suppose 4*h + 4 = 0, 4*w + h + 3*h - 16 = z. Suppose w*x - 7 - 4 = -m, 5*x = -20. Is m a composite number?
False
Let k be 3*3*(-4637)/9. Is 0 - k*(-4)/(-4) a composite number?
False
Suppose 4*n + 6*b = 30382, 0*n - 4*b + 30376 = 4*n. Is n a composite number?
False
Let s(y) = y**3 + 21*y**2 + 39*y - 2. Is s(19) a prime number?
False
Let s = -245438 - -444589. Is s a composite number?
False
Suppose 1403 = 3*y - 10*p + 8*p, y - 456 = 3*p. Let j = 674 - y. Is j composite?
True
Let j(a) = -a**3 + 4*a**2 + 23*a - 18. Let x be j(7). Is (-5 + (x - -8))/((-3)/2937) prime?
False
Suppose -1234521 + 3951126 = 27*t. Is t composite?
True
Suppose 86 = 5*o - 1514. Let u be (-1530)/36*98/35. Let n = u + o. Is n a composite number?
True
Suppose -6*f = -892 + 25384. Let z = 8409 + f. Is z composite?
False
Let x = 173 - 164. Suppose 2*f = -2*m + 11150, 12*m = 2*f + x*m - 11170. Is f a prime number?
False
Let q(o) = 109*o**2 - 27*o + 23. Let p(k) = 218*k**2 - 52*k + 45. Let r(j) = 4*p(j) - 7*q(j). Is r(7) composite?
False
Let n(c) = -9*c**2 + 11*c + 145. Let i(z) = -5*z**2 + 6*z + 72. Let m(b) = -5*i(b) + 2*n(b). Is m(13) a composite number?
False
Let l = -160 - -160. Let c(i) = 11*i**3 + 2*i**2 + 2*i - 1348. Let u(f) = 5*f**3 + f**2 + f - 674. Let h(a) = 6*c(a) - 13*u(a). Is h(l) prime?
False
Suppose 24*q + 1631822 - 7121654 = 0. Is q prime?
False
Let z be (0 - -1)/(27/119583). Suppose 0 = -5*o - z - 5426. Let b = 3408 + o. Is b composite?
True
Suppose -7*p = 211540 - 572537. Is p a prime number?
False
Let u(a) = -991*a + 4. Let x(t) = -t**2 + 7*t - 11. Suppose -2 + 16 = 2*r - 2*g, 5*r - 21 = -2*g. Let z be x(r). Is u(z) prime?
False
Let f(d) = 1366*d**2 - 78*d - 473. Is f(-7) a prime number?
False
Let o be 7 + -4*4/8. Let z = o - 5. Is 4 - z - (2 + -597) composite?
False
Suppose 4*o - 41 = 5*w - 10, 29 = 5*o - 3*w. Is ((-16)/24)/(o/(-2994)) a composite number?
False
Suppose 0*h = -2*h, -5*h = -q + 892. Suppose -3*x - q = -x. Let z = x - -700. Is z a prime number?
False
Suppose 4*j - 5 = q, j - 12 = -2*j - 2*q. Let s be (-1)/2 - (-7)/j. Suppose -5*c = 5*u - 400, -u - s*c = 4*u - 406. Is u composite?
False
Let x = 300008 + -144001. Is x a prime number?
True
Let d be (-3)/(-1) - (-4524)/1. Suppose 4*h - d = 5*n, 3*n - 2719 = 6*n - h. Is (n/2)/(5/(-4 - 6)) a prime number?
True
Is (145067/(-104))/((-16)/128) a composite number?
False
Let u(f) = 0*f - 4*f + 3*f**2 + 127 - 31*f**3 - 134. Let g be u(-3). Suppose 6*r - 1033 - g = 0. Is r composite?
False
Let w = -28 - -48. Suppose 4*f = 2*x - 5044, 4*f - 3*f - 10115 = -4*x. Suppose 4*m = w*m - x. Is m composite?
True
Let h be 5/(4 + -4 + 1). Suppose 5*q + 0 = -15, -2*r - h*q - 6525 = 0. Let a = -550 - r. Is a a prime number?
False
Let p = 209858 - -3245. Is p a composite number?
True
Let m(z) = -z**3 - 5*z**2 - 2*z - 6. Let a be m(-5). Suppose a*l = 3*k + 2164, 3*k = -k. Is l a prime number?
True
Let y(b) = 367*b**2 - 63*b - 123. Is y(-2) a composite number?
False
Suppose 22*g - 3226228 = 21989710. Is g prime?
True
Let i(s) = 3*s**3 - 2*s**2 - 9*s + 5. Suppose 6*t - 3*l + 11 = 5*t, 3*t + 4*l = -46. Let o = t - -20. Is i(o) composite?
True
Suppose -6*b - 38 = -50. Suppose 4*u = 7*u + i - 31344, 0 = 3*u - b*i - 31335. Is u a composite number?
True
Suppose 3003736 - 30024837 = -106*n + 16737501. Is n a prime number?
False
Suppose -36*l = 152*l - 1556452. Is l prime?
False
Let o = 102 - 73. Let c = o + -31. Is (c*(-1778)/(-12))/((-1)/3) a prime number?
False
Suppose 3*j = 6, 4*h = -j - 0*j + 34. Let i be h/(-6)*(-63)/21. Suppose 3464 = i*c - 4*n, 0*n - 3*n + 886 = c. Is c a composite number?
True
Is 203455 + 24 + (4 - (3 - 7)*-1) prime?
False
Let d = 596 - 569. Let a(i) = i**3 - 19*i**2 + 19*i - 46. Is a(d) a composite number?
False
Let h be (-14424)/(-20) + 4/(-20). Let t = h + 4728. Is t composite?
False
Suppose -120 = 13*k - 28*k. Is 904 + ((-3)/(-2))/(k/16) a prime number?
True
Let g(u) = -9*u + 45. Let s(d) = -9*d + 46. Let k(z) = 3*g(z) - 4*s(z). Let o be k(6). Suppose 2*q = -5*w + 8209, 6*q = o*w + 2*q - 8197. Is w a prime number?
False
Let h = -275 - -266. Let l(i) = -22*i**3 + 6*i**2 - 5*i - 38. Is l(h) composite?
True
Let t(k) be the first derivative of -231*k**2 + 81*k + 63. Is t(-10) a composite number?
True
Let s = 935 + -78. Suppose 529 = 3*w - s. Suppose -3*v + 3*h = -663, -2*h = 2*v - 0*v - w. Is v composite?
True
Let p = -20653 - -34497. Let d = p - 8165. Suppose -2*q + d = 7*q. Is q a prime number?
True
Let t(i) = i**2 + 6*i - 116. Let h be t(-14). Is 181460/15 - h/(-12) prime?
True
Let p(j) = -355*j**3 - 5*j**2 + 8*j + 22. Let k be p(-4). Suppose -3*s = 9, 5*s - 1472 = -3*i + k. Is i prime?
True
Suppose 0*p + 631 = p. Let y = p + 12936. Is y prime?
True
Let n = 259 + -248. Suppose -l - 14494 = -14*g + n*g, 0 = 5*g - 3*l - 24158. Is g a composite number?
False
Suppose -8*o + 48 = -4*o. Suppose 18*z = -o*z + 111270. Is z prime?
True
Let x be (1*4/6 + -3)*-3. Suppose z = -6*z + x. Is z/((-3)/(0 - 129)) a prime number?
True
Let s(n) be the third derivative of -n**6/24 + n**5/12 + 5*n**4/12 + n**3/2 + 11*n**2. Let m be s(-7). Suppose 0 = 6*x - 13923 + m. Is x composite?
True
Suppose 44*c = 39*c + 80. Is (0 - -1)/(c/2608) composite?
False
Let g(k) = 21*k + 194. Let o be g(10). Suppose -9*b = -o - 3367. Is b composite?
False
Let i be (-4722)/(-